{"id":167,"date":"2015-07-07T12:35:47","date_gmt":"2015-07-07T10:35:47","guid":{"rendered":"https:\/\/wk1.zeg-ibk.at\/?page_id=167"},"modified":"2015-07-07T12:35:47","modified_gmt":"2015-07-07T10:35:47","slug":"ringvorlesung-zum-nachschauen","status":"publish","type":"page","link":"https:\/\/wk1.zeg-ibk.at\/?page_id=167","title":{"rendered":"Ringvorlesung zum Nachschauen"},"content":{"rendered":"<p style=\"text-align: center;\">Die Ringvorlesung<\/p>\n<h3 style=\"text-align: center;\">Am Ende ein Anfang.<br \/>\nVom Habsburgerreich in die Erste Republik<\/h3>\n<p style=\"text-align: center;\">im Netz zum NACHSSCHAUEN und NACHH\u00d6REN:<\/p>\n<p style=\"text-align: center;\">Im Sommersemester 2018 veranstalteten das Institut f\u00fcr Geschichtswissenschaft und Europ\u00e4ische Ethnologie und das Institut f\u00fcr Zeitgeschichte eine Ringvorlesung anl\u00e4sslich des Endes der Habsburgermonarchie und des Beginns der Ersten Republik in \u00d6sterreich vor 100 Jahren. Hochkar\u00e4tige Expertinnen und Experten aus verschiedenen Teilen Europas widmeten sich dem Umbruchsjahr 1918 und beleuchteten es aus verschiedenen Perspektiven.<br \/>\nAm 14. M\u00e4rz gab es auch eine hochkar\u00e4tig besetzte Podiumsdiskussion (Bundespr\u00e4sident a. D. <strong>Heinz Fischer<\/strong>, Historiker <strong>Oliver Rathkolb<\/strong>, <strong>Monika Sommer-Sieghart<\/strong> vom Haus der Geschichte, und <strong>Helmut Wohnout<\/strong> aus dem Bundeskanzleramt bzw. vom Bundespressedienst) zum Auftakt.<\/p>\n<p>Hier zum <strong>NACHH\u00d6REN<\/strong> die Aufzeichnung des Innsbrucker Radiosenders Freirad:<br \/>\n<a href=\"https:\/\/cba.fro.at\/series\/100-jahre-republik-oesterreich\">https:\/\/cba.fro.at\/series\/100-jahre-republik-oesterreich<\/a><br \/>\nUnd zum <strong>NACHSCHAUEN<\/strong> via Newsroom der Universit\u00e4t Innsbruck im Dossier &#8222;Hundert Jahre Republik&#8220;:<br \/>\n<a href=\"https:\/\/www.uibk.ac.at\/newsroom\/dossier-100-jahre-republik.html\">https:\/\/www.uibk.ac.at\/newsroom\/dossier-100-jahre-republik.html<\/a><\/p>\n<p>&nbsp;<\/p>\n<h5 style=\"text-align: center;\">Die Ringvorlesungen rund um das Centenaire des Ersten Weltkriegs finden Sie au\u00dferdem auch hier bei uns:<\/h5>\n<h5 style=\"text-align: center;\"><a href=\"https:\/\/www.zeg-ibk.at\/ringvorlesung-zum-nachschauen\/2015-2\/\">2015<\/a><\/h5>\n<h5 style=\"text-align: center;\"><a href=\"https:\/\/www.zeg-ibk.at\/ringvorlesung-zum-nachschauen\/2014-2\/\">2014<\/a><\/h5>\n<hr \/>\n","protected":false},"excerpt":{"rendered":"<p>Die Ringvorlesung Am Ende ein Anfang. Vom Habsburgerreich in die Erste Republik im Netz zum NACHSSCHAUEN und NACHH\u00d6REN: Im Sommersemester 2018 veranstalteten das Institut f\u00fcr Geschichtswissenschaft und Europ\u00e4ische Ethnologie und das Institut f\u00fcr Zeitgeschichte eine Ringvorlesung anl\u00e4sslich des Endes der Habsburgermonarchie und des Beginns der Ersten Republik in \u00d6sterreich vor 100 Jahren. Hochkar\u00e4tige Expertinnen und &hellip; <a href=\"https:\/\/wk1.zeg-ibk.at\/?page_id=167\" class=\"more-link\"><span class=\"screen-reader-text\">Ringvorlesung zum Nachschauen<\/span> weiterlesen <span class=\"meta-nav\">&rarr;<\/span><\/a><\/p>\n","protected":false},"author":2,"featured_media":0,"parent":0,"menu_order":0,"comment_status":"open","ping_status":"open","template":"","meta":{"footnotes":""},"class_list":["post-167","page","type-page","status-publish","hentry"],"_links":{"self":[{"href":"https:\/\/wk1.zeg-ibk.at\/index.php?rest_route=\/wp\/v2\/pages\/167","targetHints":{"allow":["GET"]}}],"collection":[{"href":"https:\/\/wk1.zeg-ibk.at\/index.php?rest_route=\/wp\/v2\/pages"}],"about":[{"href":"https:\/\/wk1.zeg-ibk.at\/index.php?rest_route=\/wp\/v2\/types\/page"}],"author":[{"embeddable":true,"href":"https:\/\/wk1.zeg-ibk.at\/index.php?rest_route=\/wp\/v2\/users\/2"}],"replies":[{"embeddable":true,"href":"https:\/\/wk1.zeg-ibk.at\/index.php?rest_route=%2Fwp%2Fv2%2Fcomments&post=167"}],"version-history":[{"count":0,"href":"https:\/\/wk1.zeg-ibk.at\/index.php?rest_route=\/wp\/v2\/pages\/167\/revisions"}],"wp:attachment":[{"href":"https:\/\/wk1.zeg-ibk.at\/index.php?rest_route=%2Fwp%2Fv2%2Fmedia&parent=167"}],"curies":[{"name":"wp","href":"https:\/\/api.w.org\/{rel}","templated":true}]}}

<p style="text-align: center;">Die Ringvorlesung</p>
<h3 style="text-align: center;">Am Ende ein Anfang.<br />
Vom Habsburgerreich in die Erste Republik</h3>
<p style="text-align: center;">im Netz zum NACHSSCHAUEN und NACHHÖREN:</p>
<p style="text-align: center;">Im Sommersemester 2018 veranstalteten das Institut für Geschichtswissenschaft und Europäische Ethnologie und das Institut für Zeitgeschichte eine Ringvorlesung anlässlich des Endes der Habsburgermonarchie und des Beginns der Ersten Republik in Österreich vor 100 Jahren. Hochkarätige Expertinnen und Experten aus verschiedenen Teilen Europas widmeten sich dem Umbruchsjahr 1918 und beleuchteten es aus verschiedenen Perspektiven.<br />
Am 14. März gab es auch eine hochkarätig besetzte Podiumsdiskussion (Bundespräsident a. D. <strong>Heinz Fischer</strong>, Historiker <strong>Oliver Rathkolb</strong>, <strong>Monika Sommer-Sieghart</strong> vom Haus der Geschichte, und <strong>Helmut Wohnout</strong> aus dem Bundeskanzleramt bzw. vom Bundespressedienst) zum Auftakt.</p>
<p>Hier zum <strong>NACHHÖREN</strong> die Aufzeichnung des Innsbrucker Radiosenders Freirad:<br />
<a href="https://cba.fro.at/series/100-jahre-republik-oesterreich">https://cba.fro.at/series/100-jahre-republik-oesterreich</a><br />
Und zum <strong>NACHSCHAUEN</strong> via Newsroom der Universität Innsbruck im Dossier &#8222;Hundert Jahre Republik&#8220;:<br />
<a href="https://www.uibk.ac.at/newsroom/dossier-100-jahre-republik.html">https://www.uibk.ac.at/newsroom/dossier-100-jahre-republik.html</a></p>
<p>&nbsp;</p>
<h5 style="text-align: center;">Die Ringvorlesungen rund um das Centenaire des Ersten Weltkriegs finden Sie außerdem auch hier bei uns:</h5>
<h5 style="text-align: center;"><a href="https://www.zeg-ibk.at/ringvorlesung-zum-nachschauen/2015-2/">2015</a></h5>
<h5 style="text-align: center;"><a href="https://www.zeg-ibk.at/ringvorlesung-zum-nachschauen/2014-2/">2014</a></h5>
<hr />

<p>Die Ringvorlesung Am Ende ein Anfang. Vom Habsburgerreich in die Erste Republik im Netz zum NACHSSCHAUEN und NACHHÖREN: Im Sommersemester 2018 veranstalteten das Institut für Geschichtswissenschaft und Europäische Ethnologie und das Institut für Zeitgeschichte eine Ringvorlesung anlässlich des Endes der Habsburgermonarchie und des Beginns der Ersten Republik in Österreich vor 100 Jahren. Hochkarätige Expertinnen und &hellip; <a href="https://wk1.zeg-ibk.at/?page_id=167" class="more-link"><span class="screen-reader-text">Ringvorlesung zum Nachschauen</span> weiterlesen <span class="meta-nav">&rarr;</span></a></p>
