{"id":200,"date":"2018-07-02T13:46:22","date_gmt":"2018-07-02T11:46:22","guid":{"rendered":"https:\/\/wk1.zeg-ibk.at\/?page_id=200"},"modified":"2018-07-02T13:46:22","modified_gmt":"2018-07-02T11:46:22","slug":"2015-2","status":"publish","type":"page","link":"https:\/\/wk1.zeg-ibk.at\/?page_id=200","title":{"rendered":"2015"},"content":{"rendered":"<p>&nbsp;<\/p>\n<p style=\"text-align: center;\">Die Ringvorlesung<\/p>\n<h3 style=\"text-align: center;\"><strong>Der Erste Weltkrieg in internationaler und regionaler Perspektive. Der italienische Kriegseintritt und seine Folgen<\/strong><\/h3>\n<p style=\"text-align: center;\">im Netz zum Nachschauen.<\/p>\n<p>&nbsp;<\/p>\n<h6 style=\"text-align: center;\">Folge 1:<\/h6>\n<p style=\"text-align: center;\">Am 25. M\u00e4rz 2015 sprach <strong>Laurence Cole<\/strong> (Salzburg) zum Thema<br \/>\n<em>Nationale Identit\u00e4t und politische Mobilisierung im Trentino und im K\u00fcstenland vor 1914<\/em><span style=\"color: #444444;\">.<\/span><\/p>\n<div align=\"center\">\n<p><iframe loading=\"lazy\" src=\"https:\/\/www.youtube.com\/embed\/Njx-HSUpLMM\" width=\"560\" height=\"315\" frameborder=\"0\" allowfullscreen=\"allowfullscreen\"><\/iframe><\/p>\n<\/div>\n<h6 style=\"text-align: center;\">Folge 2:<\/h6>\n<p style=\"text-align: center;\">Am 15. April 2015 sprach <strong>G\u00fcnther Kronenbitter<\/strong> (Augsburg) zum Thema<br \/>\n<em>Milit\u00e4rpolitik und Kriegf\u00fchrung gegen Italien: Die k.u.k. Armee an der S\u00fcdwestfront<\/em><span style=\"color: #444444;\">.<\/span><\/p>\n<div align=\"center\">\n<p><iframe loading=\"lazy\" src=\"https:\/\/www.youtube.com\/embed\/U1btBMOMHZM\" width=\"560\" height=\"315\" frameborder=\"0\" allowfullscreen=\"allowfullscreen\"><\/iframe><\/p>\n<\/div>\n<h6 style=\"text-align: center;\">Folge 3:<\/h6>\n<p style=\"text-align: center;\">Am 22. April 2015 sprach <strong>Joachim B\u00fcrgschwentner<\/strong> (Innsbruck) zum Thema<br \/>\n<em>&#8222;Wir zielen brav wie anno neun&#8220;: Mediale Feindbilder im Gebirgskrieg gegen Italien<\/em><span style=\"color: #444444;\">.<\/span><\/p>\n<div align=\"center\">\n<p><iframe loading=\"lazy\" src=\"https:\/\/www.youtube.com\/embed\/XBQjkyn7a_Q\" width=\"560\" height=\"315\" frameborder=\"0\" allowfullscreen=\"allowfullscreen\"><\/iframe><\/p>\n<\/div>\n<h6 style=\"text-align: center;\">Folge 4:<\/h6>\n<p style=\"text-align: center;\">Am 6. Mai 2015 sprach <strong>Matthias Egger<\/strong> (Innsbruck) zum Thema<br \/>\n<em>Kriegsgefangene \u2013 Voennoplennye \u2013 Prigionieri di Guerra: Kriegsgefangenschaft 1914-1918 aus internationaler, \u00f6sterreichisch-ungarischer und Tiroler Perspektive<\/em><span style=\"color: #444444;\">.<\/span><\/p>\n<div align=\"center\">\n<p><iframe loading=\"lazy\" src=\"https:\/\/www.youtube.com\/embed\/Y1AoeJnLXYE\" width=\"560\" height=\"315\" frameborder=\"0\" allowfullscreen=\"allowfullscreen\"><\/iframe><\/p>\n<\/div>\n<h6 style=\"text-align: center;\">Folge 5:<\/h6>\n<p style=\"text-align: center;\">Am 20. Mai 2015 sprach <strong>Markus Wurzer<\/strong> (Innsbruck) zum Thema<br \/>\n<em>Der Tiroler Kriegsheld Sepp Innerkofler. Fakten \u2013 Fiktion \u2013 Mythos<\/em><span style=\"color: #444444;\">.<\/span><\/p>\n<div align=\"center\">\n<p><iframe loading=\"lazy\" src=\"https:\/\/www.youtube.com\/embed\/mTlvJ2tjvKM\" width=\"560\" height=\"315\" frameborder=\"0\" allowfullscreen=\"allowfullscreen\"><\/iframe><\/p>\n<\/div>\n<h6 style=\"text-align: center;\">Folge 6:<\/h6>\n<p style=\"text-align: center;\">Am 10. Juni 2015 stellten <strong>Oswald \u00dcberegger<\/strong> (Bozen) und <strong>Nicola Labanca<\/strong> Siena ihren Band <strong>Krieg in den Alpen. \u00d6sterreich-Ungarn und Italien im Ersten Weltkrieg (1914-1918)<\/strong> vor. Anschlie\u00dfend ging <strong>Werner Suppanz<\/strong> (Graz) in seinem Vortrag der Frage nach, in welcher Form die Erinnerung an den Krieg gegen Italien von 1918 bis in die Gegenwart zum Ausdruck kommt und was diese \u00fcber Konzepte \u00f6sterreichischer Identit\u00e4t in den jeweiligen historischen Abschnitten aussagt.<\/p>\n<div align=\"center\">\n<p><iframe loading=\"lazy\" src=\"https:\/\/www.youtube.com\/embed\/Xnvp0Mz8lJA\" width=\"560\" height=\"315\" frameborder=\"0\" allowfullscreen=\"allowfullscreen\"><\/iframe><\/p>\n<\/div>\n<h6 style=\"text-align: center;\">Folge 7:<\/h6>\n<p style=\"text-align: center;\">Am 19. Juni 2015 sprach <strong>Nicole-Melanie Goll<\/strong> (Graz) zum Thema<br \/>\n<em>Der Erste Weltkrieg in internationaler und regionaler Perspektive. Der italienische Kriegseintritt und seine Folgen<\/em><span style=\"color: #444444;\">.<\/span><\/p>\n<div align=\"center\">\n<p><iframe loading=\"lazy\" src=\"https:\/\/www.youtube.com\/embed\/MCNdHTcSMA4\" width=\"560\" height=\"315\" frameborder=\"0\" allowfullscreen=\"allowfullscreen\"><\/iframe><\/p>\n<\/div>\n<h6 style=\"text-align: center;\">Folge 8:<\/h6>\n<p style=\"text-align: center;\">Am 24. Juni 2015 sprach <strong>Andrea Di Michele<\/strong> (Bozen) zum Thema<br \/>\n<em>Die italienische Milit\u00e4rbesatzung Tirols von 1918 bis 1920<\/em><span style=\"color: #444444;\">.<\/span><\/p>\n<div align=\"center\">\n<p><iframe loading=\"lazy\" width=\"560\" height=\"315\" src=\"https:\/\/www.youtube.com\/embed\/poreBdcwscI\" frameborder=\"0\" allowfullscreen><\/iframe><\/p>\n<\/div>\n","protected":false},"excerpt":{"rendered":"<p>&nbsp; Die Ringvorlesung Der Erste Weltkrieg in internationaler und regionaler Perspektive. Der italienische Kriegseintritt und seine Folgen im Netz zum Nachschauen. &nbsp; Folge 1: Am 25. M\u00e4rz 2015 sprach Laurence Cole (Salzburg) zum Thema Nationale Identit\u00e4t und politische Mobilisierung im Trentino und im K\u00fcstenland vor 1914. Folge 2: Am 15. April 2015 sprach G\u00fcnther Kronenbitter &hellip; <a href=\"https:\/\/wk1.zeg-ibk.at\/?page_id=200\" class=\"more-link\"><span class=\"screen-reader-text\">2015<\/span> weiterlesen <span class=\"meta-nav\">&rarr;<\/span><\/a><\/p>\n","protected":false},"author":2,"featured_media":0,"parent":167,"menu_order":0,"comment_status":"closed","ping_status":"closed","template":"","meta":{"footnotes":""},"class_list":["post-200","page","type-page","status-publish","hentry"],"_links":{"self":[{"href":"https:\/\/wk1.zeg-ibk.at\/index.php?rest_route=\/wp\/v2\/pages\/200","targetHints":{"allow":["GET"]}}],"collection":[{"href":"https:\/\/wk1.zeg-ibk.at\/index.php?rest_route=\/wp\/v2\/pages"}],"about":[{"href":"https:\/\/wk1.zeg-ibk.at\/index.php?rest_route=\/wp\/v2\/types\/page"}],"author":[{"embeddable":true,"href":"https:\/\/wk1.zeg-ibk.at\/index.php?rest_route=\/wp\/v2\/users\/2"}],"replies":[{"embeddable":true,"href":"https:\/\/wk1.zeg-ibk.at\/index.php?rest_route=%2Fwp%2Fv2%2Fcomments&post=200"}],"version-history":[{"count":0,"href":"https:\/\/wk1.zeg-ibk.at\/index.php?rest_route=\/wp\/v2\/pages\/200\/revisions"}],"up":[{"embeddable":true,"href":"https:\/\/wk1.zeg-ibk.at\/index.php?rest_route=\/wp\/v2\/pages\/167"}],"wp:attachment":[{"href":"https:\/\/wk1.zeg-ibk.at\/index.php?rest_route=%2Fwp%2Fv2%2Fmedia&parent=200"}],"curies":[{"name":"wp","href":"https:\/\/api.w.org\/{rel}","templated":true}]}}

<p>&nbsp;</p>
<p style="text-align: center;">Die Ringvorlesung</p>
<h3 style="text-align: center;"><strong>Der Erste Weltkrieg in internationaler und regionaler Perspektive. Der italienische Kriegseintritt und seine Folgen</strong></h3>
<p style="text-align: center;">im Netz zum Nachschauen.</p>
<p>&nbsp;</p>
<h6 style="text-align: center;">Folge 1:</h6>
<p style="text-align: center;">Am 25. März 2015 sprach <strong>Laurence Cole</strong> (Salzburg) zum Thema<br />
<em>Nationale Identität und politische Mobilisierung im Trentino und im Küstenland vor 1914</em><span style="color: #444444;">.</span></p>
<div align="center">
<p><iframe loading="lazy" src="https://www.youtube.com/embed/Njx-HSUpLMM" width="560" height="315" frameborder="0" allowfullscreen="allowfullscreen"></iframe></p>
</div>
<h6 style="text-align: center;">Folge 2:</h6>
<p style="text-align: center;">Am 15. April 2015 sprach <strong>Günther Kronenbitter</strong> (Augsburg) zum Thema<br />
<em>Militärpolitik und Kriegführung gegen Italien: Die k.u.k. Armee an der Südwestfront</em><span style="color: #444444;">.</span></p>
<div align="center">
<p><iframe loading="lazy" src="https://www.youtube.com/embed/U1btBMOMHZM" width="560" height="315" frameborder="0" allowfullscreen="allowfullscreen"></iframe></p>
</div>
<h6 style="text-align: center;">Folge 3:</h6>
<p style="text-align: center;">Am 22. April 2015 sprach <strong>Joachim Bürgschwentner</strong> (Innsbruck) zum Thema<br />
<em>&#8222;Wir zielen brav wie anno neun&#8220;: Mediale Feindbilder im Gebirgskrieg gegen Italien</em><span style="color: #444444;">.</span></p>
<div align="center">
<p><iframe loading="lazy" src="https://www.youtube.com/embed/XBQjkyn7a_Q" width="560" height="315" frameborder="0" allowfullscreen="allowfullscreen"></iframe></p>
</div>
<h6 style="text-align: center;">Folge 4:</h6>
<p style="text-align: center;">Am 6. Mai 2015 sprach <strong>Matthias Egger</strong> (Innsbruck) zum Thema<br />
<em>Kriegsgefangene – Voennoplennye – Prigionieri di Guerra: Kriegsgefangenschaft 1914-1918 aus internationaler, österreichisch-ungarischer und Tiroler Perspektive</em><span style="color: #444444;">.</span></p>
<div align="center">
<p><iframe loading="lazy" src="https://www.youtube.com/embed/Y1AoeJnLXYE" width="560" height="315" frameborder="0" allowfullscreen="allowfullscreen"></iframe></p>
</div>
<h6 style="text-align: center;">Folge 5:</h6>
<p style="text-align: center;">Am 20. Mai 2015 sprach <strong>Markus Wurzer</strong> (Innsbruck) zum Thema<br />
<em>Der Tiroler Kriegsheld Sepp Innerkofler. Fakten – Fiktion – Mythos</em><span style="color: #444444;">.</span></p>
<div align="center">
<p><iframe loading="lazy" src="https://www.youtube.com/embed/mTlvJ2tjvKM" width="560" height="315" frameborder="0" allowfullscreen="allowfullscreen"></iframe></p>
</div>
<h6 style="text-align: center;">Folge 6:</h6>
<p style="text-align: center;">Am 10. Juni 2015 stellten <strong>Oswald Überegger</strong> (Bozen) und <strong>Nicola Labanca</strong> Siena ihren Band <strong>Krieg in den Alpen. Österreich-Ungarn und Italien im Ersten Weltkrieg (1914-1918)</strong> vor. Anschließend ging <strong>Werner Suppanz</strong> (Graz) in seinem Vortrag der Frage nach, in welcher Form die Erinnerung an den Krieg gegen Italien von 1918 bis in die Gegenwart zum Ausdruck kommt und was diese über Konzepte österreichischer Identität in den jeweiligen historischen Abschnitten aussagt.</p>
<div align="center">
<p><iframe loading="lazy" src="https://www.youtube.com/embed/Xnvp0Mz8lJA" width="560" height="315" frameborder="0" allowfullscreen="allowfullscreen"></iframe></p>
</div>
<h6 style="text-align: center;">Folge 7:</h6>
<p style="text-align: center;">Am 19. Juni 2015 sprach <strong>Nicole-Melanie Goll</strong> (Graz) zum Thema<br />
<em>Der Erste Weltkrieg in internationaler und regionaler Perspektive. Der italienische Kriegseintritt und seine Folgen</em><span style="color: #444444;">.</span></p>
<div align="center">
<p><iframe loading="lazy" src="https://www.youtube.com/embed/MCNdHTcSMA4" width="560" height="315" frameborder="0" allowfullscreen="allowfullscreen"></iframe></p>
</div>
<h6 style="text-align: center;">Folge 8:</h6>
<p style="text-align: center;">Am 24. Juni 2015 sprach <strong>Andrea Di Michele</strong> (Bozen) zum Thema<br />
<em>Die italienische Militärbesatzung Tirols von 1918 bis 1920</em><span style="color: #444444;">.</span></p>
<div align="center">
<p><iframe loading="lazy" width="560" height="315" src="https://www.youtube.com/embed/poreBdcwscI" frameborder="0" allowfullscreen></iframe></p>
</div>

<p>&nbsp; Die Ringvorlesung Der Erste Weltkrieg in internationaler und regionaler Perspektive. Der italienische Kriegseintritt und seine Folgen im Netz zum Nachschauen. &nbsp; Folge 1: Am 25. März 2015 sprach Laurence Cole (Salzburg) zum Thema Nationale Identität und politische Mobilisierung im Trentino und im Küstenland vor 1914. Folge 2: Am 15. April 2015 sprach Günther Kronenbitter &hellip; <a href="https://wk1.zeg-ibk.at/?page_id=200" class="more-link"><span class="screen-reader-text">2015</span> weiterlesen <span class="meta-nav">&rarr;</span></a></p>
